*a + 18, a + 16 = 5*a - c*v. List the prime factors of a.
7
Let v = 12 - 12. Suppose x + 172 = 6*x + 3*h, v = 5*x - h - 176. Suppose -3*a = 2*g - x, 4 = 2*a - 5*g + 6. List the prime factors of a.
3
Suppose g = -g - 3*j + 309, -j - 491 = -3*g. Let p = -78 + g. List the prime factors of p.
2, 3, 7
Suppose -2*a = -578 - 862. Suppose -14*d = d - a. List the prime factors of d.
2, 3
Let p = -6166 - -9436. List the prime factors of p.
2, 3, 5, 109
Let s = 237 - 174. What are the prime factors of s?
3, 7
Suppose -3*l = 3, l - 147 = -5*z - 2*l. Suppose 4*c - 302 = -z. What are the prime factors of c?
2, 17
Suppose -4*w + 20 = 0, -c + 3*w = 8*w - 1109. What are the prime factors of c?
2, 271
Let z = -1532 - -4537. What are the prime factors of z?
5, 601
Suppose 3*j + 28 = -0*x + 2*x, -2*j - x = 7. What are the prime factors of 20*(j/(-4) - 1)?
2, 5
Let t = -2 + 4. Suppose -190*u + 2 = -189*u. Suppose u*w - t + 8 = 0, 2*z + 4*w + 6 = 0. What are the prime factors of z?
3
Suppose -j - 780 = -3*j + 4*y, -4*y + 1922 = 5*j. Let x = -232 + j. List the prime factors of x.
2, 7, 11
Suppose 22 - 2 = 5*r. Suppose r*y = -4 - 0. List the prime factors of 1 - ((-32)/4 + y).
2, 5
Let k = -1068 + 2731. List the prime factors of k.
1663
Let h(g) = 7*g**2 + 42*g**3 + 2 + 8*g - 3*g - 41*g**3. Let z be (0 - -1) + -1*5. List the prime factors of h(z).
2, 3, 5
Suppose 5*r - 4*r = 701. What are the prime factors of r?
701
Suppose 8*z - 11083 = -2603. What are the prime factors of z?
2, 5, 53
Let b = -3486 - -5789. List the prime factors of b.
7, 47
Let x = 2194 + 948. What are the prime factors of x?
2, 1571
Suppose -2*j - 5 = 5*b, -5*b - j - 15 = 3*j. List the prime factors of (20 - (b - -1)/2)*7.
7, 19
Let j = 785 + -261. What are the prime factors of j?
2, 131
Suppose -93780 = -58*p + 44898. List the prime factors of p.
3, 797
Let g be (4 + 5 + -4)/1. Suppose -g*l + 211 + 119 = 0. What are the prime factors of l?
2, 3, 11
Let z(i) = -23 - 2*i**3 - 12 + 1 - 23*i + 14*i**2 + 3*i**3. What are the prime factors of z(-14)?
2, 3
Let r(v) = -v**2 - 9*v + 12. Let d(w) = -14*w**2 + 1. Let n be d(1). Let g = n + 4. List the prime factors of r(g).
2, 3
Let x(v) = 5*v**2 - 4*v**2 + 34 + 27. Let l be x(0). Suppose -3*n + 5*n + 2*o = 34, 3*n + o = l. What are the prime factors of n?
2, 11
Let f(j) = 20 - 5*j + 11*j - 3*j. What are the prime factors of f(11)?
53
Suppose -b + 13 = -3*j, 0 = 4*b - b + 5*j + 3. Suppose b*d - 2*d - 6 = 0. Let m = 9 + d. List the prime factors of m.
2, 3
Let s(a) = a**3 - 21*a**2 + 2*a - 4. What are the prime factors of s(21)?
2, 19
Let s(o) be the second derivative of -o**3/6 + 77*o**2/2 - 17*o. List the prime factors of s(0).
7, 11
List the prime factors of -3*(-3 - 498/9).
5, 7
Let v be (-2 + 5)/(3/9). Let x be (-20)/10 + 1*v. Suppose -x = -2*j + j. What are the prime factors of j?
7
Let y = 1452 + 597. List the prime factors of y.
3, 683
Suppose p + 3 = 0, 3*p - 67 = -4*s - 0*s. Suppose 5 = 2*v - 5. Suppose s = 3*b - v. What are the prime factors of b?
2
Let b(g) = -3*g - 15. Suppose 3*c + 2*u + 38 = 0, -4*c - 48 = 4*u - 2*u. What are the prime factors of b(c)?
3, 5
Suppose -19 = -2*q - 11. Suppose 4*y - q*z = 4, -2*z = 5*y - 16 - 17. What are the prime factors of y?
5
Suppose -15 + 5 = -w. Suppose 40*s + 4 = 42*s. Suppose -w = -s*n + 24. What are the prime factors of n?
17
Let u = 407 - -1166. What are the prime factors of u?
11, 13
Let f = 780 + -412. List the prime factors of f.
2, 23
Suppose -c - z = 4, 0*c - 17 = 4*c + 5*z. Let m be (-2)/(c + (-28)/(-12)). Suppose -m*b + 2*f = f - 45, -4*b = 4*f - 60. List the prime factors of b.
3, 5
What are the prime factors of 38*(-9)/36*-118?
19, 59
Let r be 88/14 - (-22)/(-77). Let h be -3*(-2)/r*4. Suppose h*b = 172 + 56. What are the prime factors of b?
3, 19
Suppose -4*p = 5*h - 28, 2*p + 4*h - 2 = 18. Let y be (-4)/(-16) + p/(-8). Suppose 105 = -y*v + 3*v. List the prime factors of v.
5, 7
Let s(a) = -a - 8. Let g be s(-10). Suppose -t + 30 = g*t. What are the prime factors of t?
2, 5
Suppose -6 + 4 = -k + 3*x, -3*x - 8 = -4*k. Suppose 2*y - 6*y = -36. Let q = y + k. List the prime factors of q.
11
What are the prime factors of -7 - ((-15638)/10 - (-7)/(-35))?
3, 173
Let l(g) = g + 11. Let m = -31 - -25. Let v be l(m). Suppose 2*o - v*o = -63. What are the prime factors of o?
3, 7
Let h be (-3)/(-4 + 1) - 0. Suppose p + 5*z - 5 = 0, -3*p - 5*z - 20 = -7*p. List the prime factors of (p - h) + -2 - -4.
2, 3
Let v = -1621 + 2825. Suppose -v = -6*b - b. What are the prime factors of b?
2, 43
Suppose w - 5*w = -12. Let a be 40 + (0 - 0)/w. Let v = a - 12. List the prime factors of v.
2, 7
Suppose -3*a = 21 + 9. Let d = a + 10. Let k = 14 + d. List the prime factors of k.
2, 7
Suppose -881*l + 875*l + 2808 = 0. What are the prime factors of l?
2, 3, 13
Let u = -15 - -15. Suppose -4*c - 4*z + 104 = u, -3*c = 2*z - 47 - 27. List the prime factors of c.
2, 11
Let g = -8443 - -12574. What are the prime factors of g?
3, 17
Let q = -4172 + 6478. What are the prime factors of q?
2, 1153
What are the prime factors of (3764/8)/((-7)/(-14))?
941
Suppose x = 4 - 11. Let c(z) = 2*z - 7. Let i be c(x). Let r = i - -41. What are the prime factors of r?
2, 5
Suppose 5 = -3*j - 544. Let r = -118 - j. What are the prime factors of r?
5, 13
Suppose f + 10 = 16. Suppose -f*k + 1171 = -707. What are the prime factors of k?
313
Let y(v) = 4*v**2 - 7*v - 15. List the prime factors of y(-5).
2, 3, 5
Suppose 66450 = -92*i + 304086. List the prime factors of i.
3, 7, 41
Suppose 0 = 5*d - 2*d, 3*m + 3*d = 9. Suppose -4*c + 26 + 29 = 5*i, m*i - 6 = 3*c. List the prime factors of i.
7
Let n be 29 - (-2 + (-4 - -2)). Let d = 109 - n. What are the prime factors of (d/(-7))/(12/(-42))?
2, 19
Let i(d) = 14*d**2 + 14*d - 13. What are the prime factors of i(-7)?
5, 23
Suppose 5*r - 32*n + 29*n = 16858, 4*n = -2*r + 6738. What are the prime factors of r?
3371
Suppose -4*c + 4053 = -1975. What are the prime factors of c?
11, 137
List the prime factors of 53/((-825)/(-205) - 4).
41, 53
Let f = 26 - 23. Suppose 5*g + 10 = -f*k, k - g - 3*g - 8 = 0. Suppose k = -0*l - l + 18. What are the prime factors of l?
2, 3
Suppose 0 = -4*a + 2 + 6. List the prime factors of a/(-4) - (-1463)/22.
2, 3, 11
Suppose z = 7 + 14. Suppose -3 = 3*k + z. Let x = k - -25. List the prime factors of x.
17
Let f(d) be the third derivative of 1/15*d**5 + 4*d**2 - 1/120*d**6 + 7/24*d**4 - 7/6*d**3 + 0*d + 0. List the prime factors of f(5).
3
Suppose 10*l - 926 - 14 = 0. List the prime factors of l.
2, 47
Suppose -5*d + 105*g + 1420 = 103*g, 0 = d + g - 277. List the prime factors of d.
2, 3, 47
Let k = 23 + -27. Let t = k + 81. List the prime factors of t.
7, 11
Suppose -4*a = 4*b - 56, -2*a + 61 = 2*a - b. Let t be (0 + (-46)/(-6))*a. Suppose -5*w + g = -g - 115, 5*g = 5*w - t. What are the prime factors of w?
23
Let j(h) = h**3 - 10*h**2 - 6*h + 10. Let o be j(9). Let t = -61 - o. Suppose 36 + t = 2*k. List the prime factors of k.
2, 5
Suppose -109*a + 100*a + 17289 = 0. List the prime factors of a.
17, 113
Suppose 37*y - 41335 + 11920 = 0. List the prime factors of y.
3, 5, 53
List the prime factors of 482 + ((-3 + 13)/(-2))/1.
3, 53
List the prime factors of 178 - 1*(-8)/4.
2, 3, 5
Let p = -797 - -1335. What are the prime factors of p?
2, 269
Let t = -1789 - -1785. Let c = 176 + -116. Let o = c - t. What are the prime factors of o?
2
Let j(q) = -2*q - 2. Suppose 16*s = 11*s - 10. Let i be j(s). Suppose i*c + h - 72 = 0, 5*c + 3*h - 161 = 19. What are the prime factors of c?
2, 3
Let o be 2/4*0/11. Suppose o = 2*r - 6, 3*g + 2*r = -g + 18. List the prime factors of g.
3
Let d be (-2)/(-8) + 616/(-32). Let x = d + 90. What are the prime factors of 3 + x - 21/7?
71
Let p be (-26)/22 + 1 - 3572/(-44). Let z = 169 - p. What are the prime factors of z?
2, 11
Let u = 79 + 523. What are the prime factors of u?
2, 7, 43
Let b(y) = 43*y + 1. Suppose 2 = 6*n - 10. What are the prime factors of b(n)?
3, 29
Suppose 17*a = 12*a. Suppose a = -n + 1, c + 2 - 3 = n. Suppose -h - 169 = -5*w, -2*w + 4*h + 74 = c*h. What are the prime factors of w?
3, 11
Let q(g) = g**2 + 4*g + 20. Suppose 0 = 5*s - 2*l + 4*l + 41, -4*l + 35 = -3*s. What are the prime factors of q(s)?
5, 13
Let x(y) =